- g + 2361. Is h prime?
True
Let x be -5*(-10)/(-50)*(0 + -2). Suppose -3*l + 10755 = -x*p, 2 = p - 1. Is l a composite number?
True
Let q(n) = 22031*n**2 - 22*n + 28. Is q(3) a composite number?
False
Suppose 3143 = 3*d + 4*m, 0 = 2*d - 3*d + 2*m + 1041. Let c = d + -1883. Let f = -387 - c. Is f prime?
False
Suppose -18*f + 23*f + 20 = 0. Is (f/4 - 6085)*1/(-2) a composite number?
True
Suppose 494999 = 8*u - 1356977. Is u a prime number?
False
Suppose -8825 = -14*q + 9*q. Suppose -3*d - t = -2*d - 1773, -5*t = d - q. Suppose -2*k + d = -39. Is k a prime number?
True
Suppose 190*x - 15106073 = 23964604 - 10834967. Is x a prime number?
True
Suppose 2*o + 12 = -4*m + 50, o - 37 = -4*m. Let z be -1*(2/6)/(m/999). Is (48/18)/(4/(-6)) - z a composite number?
True
Suppose -7*s + 2*s + 451016 = -264119. Is s a prime number?
False
Let r(j) = -36*j - 166. Let m be r(-42). Let s(x) = 15*x**2 - 8*x - 2. Let i be s(-7). Suppose -4*f + 2*o + m = 0, 2*o + 125 = -2*f + i. Is f a prime number?
False
Let a be 0 - (-55 + -3 + -3). Suppose a*i - 32*i - 207379 = 0. Is i composite?
False
Suppose 1 - 9 = 4*s. Suppose -14*t - 25 = -39*t. Is (s - -5 - -326 - -2)/t prime?
True
Is (21/(-15))/1*(-29399 + 4) a composite number?
True
Suppose -79*a + 235680 = 17*a. Is a a composite number?
True
Let a be (3 - 2 - 2)*3. Let t be (-2*1/6)/(a/1341). Is (t/(-3))/(-2*(-6)/(-36)) prime?
True
Let i = 216286 - 18606. Is i/(8 - 1) - 5 a prime number?
False
Let x(r) = 4*r**3 + r**2 + 11*r - 11. Let b be 2/(-12) + 555/90. Is x(b) prime?
False
Let z be ((-30)/45)/(4/(-126)). Let h = 21 - z. Is -9 + 92 - (4 - h) composite?
False
Let t(v) be the third derivative of v**5/15 + v**4/6 + 11*v**3/6 + 40*v**2. Is t(31) a composite number?
True
Let b(y) be the first derivative of 5*y**2/2 + 2045*y + 30. Let o be b(0). Let p = -790 + o. Is p a composite number?
True
Suppose 20 = -5*w, -18*p + 4*w - 3802 = -16*p. Let z = 5208 + p. Is z prime?
True
Let p = 59 + -44. Suppose -t = -p + 12. Suppose 3*x + 3*f = 586 - 13, -t*x + 3*f + 573 = 0. Is x a composite number?
False
Suppose 9*v + 119693 = 10*v - 5*t, -3*v - 3*t = -359079. Is v a prime number?
False
Let w(o) = -3*o**2 + 2*o + 18. Let f be w(0). Suppose 25*x = f*x + 15932. Is x/6 + ((-102)/(-18) - 6) composite?
False
Let v = -11 - -57. Let i be v/(-3)*(-5)/(-20)*-18. Is i/(-6)*-34 - 2 a composite number?
False
Let d = 119175 - -2054. Is d a composite number?
False
Suppose 3*a + 3*y - 132 = 0, 0 = -a + 2*y - 37 + 66. Suppose -33*d - 6414 = -a*d. Is d a prime number?
True
Suppose -14 - 46 = -5*s. Suppose 0 = -i + s*i - 5423. Is i composite?
True
Suppose 21*m = 1770 + 1506. Suppose -m = -3*c - 153. Is 3631/2 - -7 - c/(-2) prime?
True
Suppose 0 = 5*v - 2*m - 18940 - 6171, -3*v - 3*m = -15054. Suppose -4*f = 2*k - 10022, -2*f = 2*k + k - v. Is f prime?
True
Let b = 181576 + -76065. Is b a prime number?
False
Let d(r) = -65*r**3 + 7*r + 21. Let n(w) = 130*w**3 - 15*w - 42. Let a(f) = 13*d(f) + 6*n(f). Is a(-5) a composite number?
True
Let c(h) = h**3 - 4*h**2 - 6*h + 15. Let b be c(6). Is 7486/7 + b/(-119) composite?
False
Let i = -67337 - -209508. Is i a composite number?
True
Suppose -26*z = -22*z + 5*a - 74787, 5*z = 4*a + 93535. Is z a prime number?
False
Let o(k) = 1 - 5 + 10*k - 58*k - 14 + 47. Suppose -4*y + 22 = -6*y. Is o(y) a composite number?
False
Suppose 8*g - 75 = 149. Is -1 + 129656/g + (-20)/35 prime?
False
Let n = 59399 - -16044. Is n a prime number?
False
Suppose -183 - 22 = -41*s. Let w = 6 + -4. Suppose 3*u + f = -w*f + 27, -u + s*f - 9 = 0. Is u a prime number?
False
Suppose 0 = -390*w + 595*w + 4510. Let j = -4 + 9. Is (-6450)/w - ((-399)/(-77) - j) composite?
False
Suppose -5*d = v, 7*d - 2*d = 3*v. Suppose 0 = 5*j - 3*u - 13 + 1, u + 4 = v. Is (j - 1 - 0)/((-1)/178) a composite number?
True
Suppose k = -5*c + 3414293, c + 4*k = 671807 + 11044. Is c composite?
True
Let i be ((-12)/3 + 3)*-235. Let l = i - -161. Suppose -6*q + 78 + l = 0. Is q prime?
True
Let c = 201143 + -105774. Is c prime?
True
Let c be (-41)/5 + (-4)/(-20). Let k = 8 + c. Suppose k = 5*y - 849 + 134. Is y prime?
False
Let v(s) = -1117*s - 12. Let a(m) = -m**3 + 11*m**2 + 17*m - 67. Let d be a(12). Is v(d) a composite number?
True
Suppose 938*y - 953*y + 461595 = 0. Is y prime?
True
Is (9/(-27) + (-2343)/45)/(2/(-5)) prime?
True
Let s(d) = 17 + 8*d - 4*d + 4*d. Let g = -1668 + 1677. Is s(g) prime?
True
Suppose -11*b = -15*b + 12. Suppose 2*f + 2*f - 3 = b*w, 0 = -w + 3. Suppose f*s - 2*y - 315 = 898, -5*y + 2005 = 5*s. Is s prime?
False
Suppose 4*i - 4 = 0, 5*i = -3*a + 6*a - 76. Suppose -3 = 4*n - a. Suppose 4*p - 5*v - 8595 = 0, -2*p + n*v - 2*v = -4290. Is p a composite number?
True
Is 8933309/84 - (-3)/36 a composite number?
False
Let s(d) = 8*d - 71. Let t be s(7). Is -3134*(0 - 1 - t/30) prime?
True
Let h(v) = 25*v**2 + 8*v**2 - v + 2*v**2 + 0*v. Let f be h(-1). Is 11908/f + -1 + 33/27 composite?
False
Let n be (-7)/28*2*-28. Suppose n*t - 27769 = 7*t. Is t a prime number?
True
Let w = 132 - 129. Let h be (w/5)/(5/50). Suppose 0 = -2*r - h, -v + 6*v + r = 1322. Is v a composite number?
True
Suppose 4*u - 609 = -3*h - 13588, -4*h + u - 17299 = 0. Let s = -1074 - h. Is s prime?
True
Suppose 7*d + 8 = 1. Let i be (16/28)/(d*(-1)/7). Suppose -2*l + 0 = i, -m = -5*l - 651. Is m a composite number?
False
Suppose 28*f - 8331349 = 4111879. Is f a prime number?
True
Let y(o) = 4*o - 24. Let u = 42 - 36. Let k be y(u). Is (-487)/1*(k - 1) a composite number?
False
Suppose -5*g = -4*f + 66, -14 = g + f - 2*f. Let t(j) = 6*j - 20 + 5*j - 23 + 9*j**2 - 4*j. Is t(g) a prime number?
True
Let o be -10*(0 - (-4)/(-10)). Let v(h) = 19*h**2 - 46*h + 71. Let a be v(-15). Suppose -8*n + o*n = -a. Is n a composite number?
False
Suppose -p + 5 = -n, -44 = 4*n + 18*p - 16*p. Is (1494/8 - -5) + n/12 a composite number?
False
Let q(x) = 27*x**3 - 665*x**2 + 59*x + 11. Is q(28) a prime number?
False
Let g = 58 - 81. Let p = g + 19. Let z(i) = 56*i**2 + 3*i + 11. Is z(p) a prime number?
False
Let l = 132150 - 61879. Is l a composite number?
False
Let i(z) = -47*z**3 + 17*z**2 + 21*z + 5. Is i(-6) a prime number?
False
Suppose -5*p + 43061 = -84554. Is p prime?
True
Let s(l) = 8045*l**2 - 2*l - 12. Let i be s(3). Suppose 36171 = w + 4*j, w + j = 3*w - i. Is w a composite number?
False
Let x(g) = 1489*g**2 + 82*g + 1091. Is x(-18) composite?
False
Suppose 1514265 = 21*b - 485754. Is b a composite number?
False
Suppose -6350704 = -28*k + 12*k. Is k prime?
True
Let k = 2789 + -1123. Let t(v) = 13*v**2 - 7*v - 3. Let s be t(-6). Let n = k - s. Is n composite?
True
Suppose -i = i - 3*d + 59, -15 = 3*d. Let a = i - -37. Suppose -4*f + s = -435, -2*f - s + 80 + 139 = a. Is f composite?
False
Let o be 19273/2 - (-10)/20. Suppose -16*z + o = 7*z. Is z prime?
True
Let y = -40 + 42. Let f be (y + 4)*1 - 2. Suppose -277 - 543 = -f*v. Is v composite?
True
Is -6 - (3/(-4) - (-13995275)/(-140)) a composite number?
False
Let y(z) = 161*z + 357. Let u(m) = 19*m + 42. Let o(n) = -42*u(n) + 5*y(n). Let s = -61 + 81. Is o(s) prime?
False
Let q(c) be the third derivative of 7*c**6/120 + c**5/10 - 7*c**4/4 + 8*c**3/3 + 37*c**2. Is q(9) a prime number?
True
Suppose 5*d = d - 4*l + 8, -5*d - 3*l + 10 = 0. Let w be (1*6/(-4))/(d/(-588)). Let r = 1238 - w. Is r composite?
False
Let d(z) = -2*z**2 + 16*z + 17. Let h be d(9). Let a(c) = 126*c**2 - 3*c - 3. Let r be a(h). Is 311318/r + ((-8)/18)/(-2) a composite number?
True
Suppose 4*r + 52804 = 2*p, -3*p - 3*r = -4*p + 26405. Is p*(5/20 + 0) a prime number?
True
Suppose 546*j - 497*j - 3603607 = 0. Is j a prime number?
False
Suppose -2*s = -3*s + 25. Suppose -28*m + s*m + 4191 = 0. Is m a prime number?
False
Suppose -4*l - 34*l + 3219051 = -5*l. Is l a composite number?
False
Suppose -5*q = 2*t - 2836821, 16*t + 2836800 = 5*q + 21*t. Is q a prime number?
True
Suppose 89 = -3*h + 122. Is h/(77/27573) - 4 a composite number?
True
Is 7 + -7 + 1378*161 - (-19 - -14) composite?
True
Let y(u) = -1506*u + 17519. Is y(-125) a prime number?
False
Is (-4)/10 - ((-43886634)/55)/(4 - 2) composite?
False
Let j = 25 - 19. Suppose -2*u = -g + 1 - 3, 0 = -4*g + u + j. Suppose -5*o - 5*k = -1735 - 3520, 3*o - g*k = 3143. Is o prime?
True
Let k = -386 - -388. Is 1/(31065/(